ose q*c - 24*c = 72. What is the tens digit of c?
2
Suppose 5*u - 24676 = -c, -115026 = -4*c + 4*u - 16250. What is the tens digit of c?
9
Suppose 24 = -12*f + 144. Let z(i) = 19*i**3 - 18*i**3 + i + 5 + 3*i + 12*i**2 + f. What is the tens digit of z(-10)?
7
Let w be 30/(-20)*184/(-12). Suppose -3 = -5*a - f, f - 4*f + 9 = -a. What is the tens digit of w + a/((-2)/2)?
2
Let k(y) = 3*y**2 + 9*y + 9. Let a(f) = f**2 - 5 + 4 + 14*f + 14 + 4*f**2. Let o(l) = 5*a(l) - 8*k(l). What is the tens digit of o(-7)?
5
Let b(s) be the first derivative of -s**2 + 18*s + 12. Let m be b(10). Let w = 37 - m. What is the tens digit of w?
3
Suppose 4*j = 2*u + 22, 7*u - 4*u + 43 = 4*j. What is the hundreds digit of (-331)/(-2) + u/(-2) + -9?
1
Let r(x) be the first derivative of -3*x**2/2 - 35*x - 8. Let j be r(-15). Suppose -68 = j*v - 12*v. What is the units digit of v?
4
Let c(j) = -302*j + 27. Let m(z) = -303*z + 27. Let q(b) = -2*c(b) + 3*m(b). What is the units digit of q(-4)?
7
Let c = 86 - 86. Let u(d) = -d + 11. Let h be u(c). Let l(w) = -w**3 + 14*w**2 - 28*w + 7. What is the units digit of l(h)?
2
Suppose -57*i + 68*i - 88869 = 0. What is the tens digit of i?
7
Let b be (-10)/125 - (-1044462)/150. Suppose -5*o + 15*u + b = 13*u, -3 = -3*u. What is the tens digit of o?
9
Let r(o) = 6960*o - 1592. What is the ten thousands digit of r(14)?
9
Suppose 44759 + 220051 = 42*m + 36*m. What is the tens digit of m?
9
Let i be 21/6 + 24/(-16). Suppose -v + 9*v = i*v. Suppose 3*f - 5*u - 244 = v, 5*u + 6 = 2*u. What is the tens digit of f?
7
Let d(q) = -5*q - 8. Let f(u) = 4*u - 24. Let j be f(6). Suppose 4*h + 16 = j, h - 5 = k - h. What is the units digit of d(k)?
7
Let r = 1620 - -1858. What is the thousands digit of r?
3
Let a(t) = t**2 + 6*t - 9. Suppose -18*f = -10*f - 64. Let l be a(f). Let o = 217 - l. What is the hundreds digit of o?
1
Suppose 14*a - 50 = 4*a. Suppose 2*y + 284 = -2*w + 956, 1687 = a*y - 2*w. What is the units digit of y?
7
Let q(x) = 23*x - 34. Let h(a) = 46*a - 67. Suppose 0 = 4*o - 7*o + 5*u + 16, o - 7 = 2*u. Let c(m) = o*h(m) + 5*q(m). What is the hundreds digit of c(-5)?
1
Let u = -2453 + 4851. Let c = -1150 + u. What is the tens digit of c?
4
Let y = -7702 - -25785. What is the units digit of y?
3
Suppose w + 2*f - 39794 = 0, 2*w - 79624 = 180*f - 178*f. What is the ten thousands digit of w?
3
Let n be ((-91)/52)/(1/(-12)). Let a = 35 - n. Let o = -8 + a. What is the units digit of o?
6
Let b(f) = -f**3 - 3*f**2 - 6*f - 33. Let q be b(-4). Suppose -2*a + 2*p = -2374, -2*a = -q*a + p + 5923. What is the tens digit of a?
8
Let t = 41535 + -8725. What is the thousands digit of t?
2
Suppose 0 = 133*o - 144*o + 66. Let u = -21 + -309. What is the units digit of u/(-22)*o/1?
0
Let p(o) = 1490*o + 2563. What is the thousands digit of p(5)?
0
Let j(p) = p**3 + 4*p**2 + 3*p + 2. Let c be j(-3). Let f(v) = -4*v**2 - v - 2. Let n be f(c). Let g = -8 - n. What is the tens digit of g?
1
Suppose -11*c = 2*c + 6*c - 84664. What is the thousands digit of c?
4
Let x = 39 + 2559. Let y = x - 1848. Suppose 2*a = -5*v + 240, -4*a + y = -v + 292. What is the hundreds digit of a?
1
Let s(o) = 3*o**3 - 2*o + 3. Let b be s(1). Suppose -b*y - 535 + 1851 = 0. What is the units digit of y?
9
Let g = -25 - -34. What is the hundreds digit of ((-3)/g)/((-14)/63924)?
5
Suppose -4*w - 2*f = -205656, 3*w - 154247 = 3158*f - 3162*f. What is the ten thousands digit of w?
5
Let a be (60/18)/(4 + 23721/(-5931)). Suppose 12*s - a = 7*s - 3*p, -2*s - p + 2637 = 0. What is the units digit of s?
1
Suppose 5*n = 5*j - 35, 0 = 2*j + 3*n - 2 + 3. Suppose 0 = j*p - 1472 + 64. What is the hundreds digit of p?
3
Let r = 22056 - 8419. What is the tens digit of r?
3
What is the units digit of (-26 - -25)/((-2)/9858)?
9
Suppose 226916 = 4*k - 5*x - 7*x, -2*x + 10 = 0. What is the units digit of k?
4
Suppose 4*r - q - 56 = -0*q, 4*r - 2*q = 52. Let w = -712 + 1660. Suppose 19*c - r*c = w. What is the tens digit of c?
3
Suppose 0 = -4*z + 8*s - 5*s + 4507, -3*z = 5*s - 3402. Suppose -4561 = -4*w + k, 11*k - 15*k = -w + z. What is the hundreds digit of w?
1
Let v = 54 + -52. Let s be ((-3)/v*(-640)/15)/2. Suppose -30*l = -s*l + 462. What is the hundreds digit of l?
2
Let w(u) = 1940*u**2 + 228*u + 668. What is the units digit of w(-3)?
4
Suppose -5*g + 4*s = -83224, 13*g - 9*g = 5*s + 66590. What is the ten thousands digit of g?
1
Suppose 5*x - 3678 = 2887. Suppose 0 = -3*a - 2*a - 3*k + x, 5*a = 2*k + 1308. What is the tens digit of a?
6
Let s = -802 + 7858. What is the tens digit of s?
5
Let j = 15736 + -5435. Suppose j - 1661 = 20*z. What is the tens digit of z?
3
Let t(j) = -9*j**3 - 41*j - 14. What is the hundreds digit of t(-11)?
4
Suppose -5*y - 3*v + 45064 = 0, -69*v = -5*y - 67*v + 45074. What is the tens digit of y?
1
Let b = 757 - -20416. What is the ten thousands digit of b?
2
Suppose 1285038 - 708434 = 165*v - 1063166. What is the tens digit of v?
3
Suppose 0 = -4*n + 4, 4*a + n = 3*a + 147. Let h = a - -301. What is the hundreds digit of h?
4
Let g = 570 + -116. Suppose 2*m + 5*n - g = 0, 2*m - n - 562 = -132. What is the tens digit of m?
1
Let f(p) = p**2 + 116*p - 139. What is the tens digit of f(71)?
3
What is the thousands digit of -3288*(256/24)/(-16)?
2
What is the ten thousands digit of -2 - -7 - (-43805 - 220)?
4
Suppose 0 = v + 3*d - 6 - 6, -v + 4*d = 16. Suppose -2*a + 13*a - 33 = v. Suppose 2*i - 218 = -t, i - a*t - 101 - 22 = 0. What is the units digit of i?
1
What is the hundreds digit of (2 + -918)*(16/24)/((-6)/117)?
9
Let v(q) be the third derivative of 1/120*q**6 - 10*q**2 - 7/6*q**3 + 0*q + 0 + 11/60*q**5 - 1/3*q**4. What is the units digit of v(-11)?
1
Let u = -250 - -222. What is the hundreds digit of (-1 + 2 + 28 + u)*1604?
6
Let s(i) = 5*i - 23*i - 9*i + 1 + 6*i**2 + 4*i**2. What is the tens digit of s(9)?
6
What is the units digit of ((-2173)/(-123) - 17) + (0 - (-117938)/6)?
7
Suppose 0 = -7*i + 14 + 21. Suppose -4*o + 9*o = -5*v + 3275, -4*v + 2616 = i*o. What is the hundreds digit of v?
6
Let g = -27847 + 61355. What is the ten thousands digit of g?
3
Let o be (-3382)/(-12) + 8/48. Suppose 4*q - 186 = o. What is the tens digit of q?
1
Let z(c) = c**3 - 4*c**2 + 2. Suppose 2*a - 5*f = -2, 2*f - 1 = 3. Let j be z(a). Suppose -j + 692 = 6*y. What is the tens digit of y?
1
What is the tens digit of ((-10007)/4)/(114/(-2280))?
3
Suppose -51 = 7*x - 51. Suppose -c + v + 791 = x, 4*v = 4*c - v - 3163. What is the tens digit of c?
9
Suppose 0 = l + 28 - 31. Suppose g + 3*x - 554 = 2*x, l*g = 5*x + 1662. What is the tens digit of g?
5
Let p(m) = 9315*m - 6411. What is the ten thousands digit of p(5)?
4
Let a = -1094 - -6977. What is the units digit of a?
3
Suppose i - 164*v - 39270 = -163*v, 5*i - 4*v - 196357 = 0. What is the hundreds digit of i?
2
Let x(p) = p**3 - 7*p**2 + p + 4. Let y(r) = r**3 - 5*r**2 + 7*r - 4. Let h be y(4). What is the units digit of x(h)?
6
Let k(a) = -9*a - 29. Let u be k(-14). What is the tens digit of ((-123)/3)/(u/(-16) - -6)?
5
Let d(l) = 300*l**3 - 2*l**2 - 2*l - 1. Let m be d(-1). Let j = 288 - m. What is the hundreds digit of j?
5
Let v(q) = 167*q**2 + 2 - 3*q**3 + 32*q**3 - 164*q**2 + q. What is the units digit of v(3)?
5
Let h(s) = 105*s + 15 - 10 + 21. What is the units digit of h(8)?
6
Let o = 7291 - 3051. What is the hundreds digit of o?
2
Suppose -24*s + 84107 + 122293 = 0. Suppose -g + s = 7*g. What is the thousands digit of g?
1
Let x(a) = a**3 - 33*a**2 + 35*a - 91. Let r be x(32). Suppose 2*n = 5*d - 3105, 2886 = 5*d + r*n - 254. What is the hundreds digit of d?
6
Let y(m) = -m**3 + 4*m**2 + 6*m + 30. Let v be y(5). What is the units digit of (10/v)/(8/15904)?
8
Let d = -182 + 233. Let o = d + 218. What is the units digit of o?
9
Let r be ((-2)/(-6))/(-2 + (-74)/(-36)). Let v = r + 9. What is the hundreds digit of ((-42)/v)/(-7) + 1103/5?
2
What is the ten thousands digit of 16329 - (12 + 6)/(-2)?
1
Let r = 38 + -21. Let k = -985 + 2007. Suppose -r*t = -10*t - k. What is the units digit of t?
6
What is the thousands digit of -880*(-13 - -19)*(-2)/8?
1
Let y be 20/6*(-465)/(-10). Suppose -11*f + 554 = -2757. Let q = f - y. What is the units digit of q?
6
Let x(s) be the second derivative of -s**5/20 + s**4